85*i - 219 = -10*i. What is q(i)?
8
Let p(f) = 2209 - 14*f + 2159 + 2198 - 6667. Determine p(-6).
-17
Let u(z) = z**3 - 7*z**2 - z - 3. Let r(p) = 15*p - 321. Let s be r(42). Let v = 316 - s. Determine u(v).
-10
Let j(f) be the first derivative of -7*f**2/2 - 67*f + 2734. Calculate j(-11).
10
Let y = -11480 - -11489. Let t(s) be the first derivative of s**3/3 - 5*s**2 + 5*s - 4. Determine t(y).
-4
Let m(u) = -5388*u - 2*u**2 - 2*u**2 + 5412*u - 2. Let a be m(6). Let i(q) = q**2 - 2*q - 1. Calculate i(a).
7
Let l be (-9)/((-45)/(-10)) + (18 - 16). Let q(y) be the third derivative of 0*y + 0*y**3 - 1/8*y**4 + l - 1/60*y**5 - 11*y**2. Calculate q(-4).
-4
Suppose -y - 80 = 5*d, -96*d + 98*d - 2 = 3*y. Let u(o) be the first derivative of -o**3/3 - 9*o**2/2 + 3*o + 1. Determine u(y).
-7
Suppose 15*b = 11*b. Suppose 2*i + y - 43 + 28 = b, -2*y = -4*i + 42. Let u(t) = t**2 - 10*t + 8. Give u(i).
-1
Let y(n) = -2*n**3 + 4*n**2 - 3*n + 2. Let f = -58 - -63. Suppose -3*h + 4*i - 3*i = -27, f*i = -h + 25. Suppose -48*s = -43*s - h. Give y(s).
-4
Suppose 5*l - 10*w - 25 = -5*w, -w + 19 = 2*l. Let o(y) = 2*y**2 - 15*y + 6. What is o(l)?
14
Let r(b) = 590 - 981 + 4*b + 335. Determine r(12).
-8
Let i(p) = p**3 + 18 + 2*p**3 - 1662*p + 2*p**3 + 1659*p - 6*p**3 + 20*p**2. Give i(20).
-42
Let b(c) be the second derivative of -c**5/20 + 7*c**4/12 + 3*c**3/2 - 11*c**2/2 - 4*c + 5. Suppose 0 = -4*r - y + 31, -2*r - y + 14 = y. What is b(r)?
-3
Let n(t) = -t**3 + 3*t**2 + 13*t - 8. Let m be n(5). Let j(r) = -2*r + 2. Let z(b) = -b + 1. Let a be (0 - -2)*(-6 - -8). Let x(d) = a*j(d) - 9*z(d). Give x(m).
6
Let x(y) = 45*y + 536. Let i(w) = 44*w + 468. Let n(u) = 8*i(u) - 7*x(u). Give n(-3).
-119
Let z(g) = 29*g - 153. Let v(i) = 9*i - 50. Let s(n) = -13*v(n) + 4*z(n). Determine s(5).
33
Let a(z) = 5*z**2 + 11*z - 11. Let d(y) = -58*y**2 - 124*y + 121. Let b(k) = -23*a(k) - 2*d(k). What is b(3)?
5
Let v(i) be the third derivative of i**6/120 + i**5/12 - i**4/12 - 2*i**3/3 - 7*i**2 - 4. What is v(-4)?
20
Let v(c) = 2*c**2 - 37*c + 163. Let d be v(7). Let f(q) = -2*q**2 + 6*q - 16. Determine f(d).
-12
Let z = 4 - 2. Suppose -5*x = -3*o + 117, -281*x = -4*o - 284*x + 156. Let n(q) = -o + 18 - z*q + 24. Give n(-6).
15
Let q be 1 + (1/3 - 70/21). Let s be 48/12*-2*q/4. Let p(m) = -497*m - s - 2 + 496*m. Give p(-5).
-1
Let q(r) = -13*r**2 - 43*r + 38. Let i(u) = -22*u**2 - 72*u + 63. Let s(j) = -10*i(j) + 17*q(j). Calculate s(-11).
16
Let y(t) = -t**2 + 14*t - 30. Let p be y(3). Let c(o) be the first derivative of 11*o - 15 + 1/3*o**p - 11/2*o**2. What is c(9)?
-7
Let i(v) = -7*v - 6. Let t(k) be the first derivative of -11*k**2/2 - 7*k - 109. Let r(w) = 4*i(w) - 3*t(w). Calculate r(2).
7
Let v(c) be the third derivative of c**3/3 + 2*c**2 + 4*c. Let l(w) = -4*w - 9. Let i(y) = -l(y) - 4*v(y). What is i(-1)?
-3
Suppose -25 = 4*j - 1, -27 = -3*c + 6*j. Let h(i) = 25*i + 67. What is h(c)?
-8
Let w(a) = 97*a - 98*a - a**3 + 7 + 7150*a**2 - 7138*a**2. Determine w(12).
-5
Let f(r) be the second derivative of -r**3/6 - 6*r**2 + r. Let a(c) = 409*c - 84652. Let o be a(207). Determine f(o).
-23
Let u(m) = -7*m**2 + m + 32. Let c(l) = 20*l**2 - l - 93. Suppose -5*d = -5, 5*v - d - 9 + 40 = 0. Let r(t) = v*c(t) - 17*u(t). Calculate r(-12).
2
Let j(b) = -105155*b**2 - 69*b + 52578*b**2 + 12 + 52580*b**2. Calculate j(23).
12
Let f(h) = 445963*h - 445964*h + 5 + 0. Let p = 10 - 7. Let y(m) = m**2 - 2*m + 3. Let l be y(p). Calculate f(l).
-1
Let o be (1/(-3) - 0)/((-4)/(-192)). Let f be (-2 - -14)*(0 - 8/o). Let j(c) = 4*c - 5. Give j(f).
19
Let z(f) be the third derivative of -f**6/360 - f**5/24 - f**4/24 - 7*f**3/6 + 2*f**2 - 26. Let l(u) be the first derivative of z(u). Give l(-4).
3
Let y be ((-531)/(-354))/(((-3)/2)/(-3)). Let f(o) = 12*o - 51. Let i(t) = 4. Let c(z) = f(z) + 12*i(z). Calculate c(y).
33
Let l = 7 - 14. Let d(w) be the first derivative of w**3/3 + 3*w**2 - 3*w - 810. Determine d(l).
4
Let x(k) = -k**3 - 35*k**2 + 112*k - 82. Let p be x(-38). Let i(n) = -n**3 - 8*n**2 - 9*n - 10. Determine i(p).
-28
Let o(c) = -5*c + 14*c**2 + 2420223 - 2420305 - 13*c**2. Calculate o(-7).
2
Let o(b) = b**3 - 9*b**2 - 22*b + 83. Let t be o(9). Let c be (-4)/(-14) + (-2577)/(-21). Let h = t + c. Let r(i) = -i**2 + 9*i + 7. Give r(h).
15
Suppose 12 = 4*d + 4*o, 4*o = 5*d + 2*o - 50. Let s(c) be the third derivative of -c**5/60 + 7*c**4/24 + 2*c**3/3 - c**2 - 458*c - 5. Determine s(d).
-4
Let u be ((-16)/(-6) - 2)*243/(-54). Let t(m) = -2*m**2 + 3*m**2 + m + 5*m + 9. Give t(u).
0
Suppose -234 = 28*t + 30*t - 19*t. Let n(p) = -p**2 + 12*p + 3. Determine n(t).
-105
Let l(s) = 2*s - 15. Let c be (60/9)/((-8)/(-12)). Let a be l(c). Let r(b) = -4*b**2 - 1 - a*b - 4 + b**2 + 4*b**2. Determine r(4).
-9
Suppose y - 19 = 3*t, 18 = -2*t - 4*y - 4. Let h(o) = -3*o. Let b(q) = q. Let g be 0/(-1) - (-2)/(-1). Let w(z) = g*h(z) + t*b(z). What is w(-5)?
5
Let l(z) = 317*z - 800*z + 58 + 460*z. Determine l(4).
-34
Let u be (-232)/174*45/(-4) + 5*1. Let b(s) = -5*s + 37. What is b(u)?
-63
Let s(q) be the second derivative of q**2 + 36*q - 1/3*q**3 + 0. Give s(-3).
8
Let d be (-1)/(1*(-1)/2). Let i(q) = -6*q - d*q + q - 3 - 6*q**2 + 7*q**2. What is i(7)?
-3
Let f be 3 + -5 + (595 - -3). Suppose 16*z + 116 = f. Suppose -60 = 5*i - z. Let w(r) = -r**2 - 7*r - 6. Give w(i).
0
Let o = -6 - -8. Let m(z) be the third derivative of z**5/15 - z**4/12 - z**3/6 - 31*z**2 - z - 69. Determine m(o).
11
Let h = 34 - 30. Let p(k) = -k**2 + 7*k - 7. Let m be p(h). Suppose 0 = 3*u + 2*y - 5, m*u - 2*y = 3*y - 25. Let b(c) = -5*c - 1. What is b(u)?
4
Let h(j) = -48*j - 5*j + 8*j + 15*j + 15*j + 86. What is h(6)?
-4
Let p(t) be the third derivative of -t**5/60 - 11*t**4/24 - 13*t**3/6 + t**2 - 575*t. Let c(f) = f - 3. Let a be c(-6). What is p(a)?
5
Let d = -23 - -26. Suppose 29 = 4*v + 3*b, -d*b = -2*v + b + 42. Suppose -4*w + v = o - 0, 2*o + 5*w = 7. Let n(k) = -k**2 - 9*k + 4. What is n(o)?
4
Let b(a) = 6*a - 8*a - a**2 + 6*a + 2 - 6*a. Determine b(4).
-22
Let w(a) be the second derivative of -a**4/12 + a**3/2 + 5*a**2 + 1463*a. Calculate w(11).
-78
Let q(n) = -n**2 - 8*n + 19. Let m be (-68 + 2)*-3*16/(-288). Determine q(m).
-14
Suppose 0 = -g - g + 10. Suppose 155*j - 156*j = -3. Let w(d) = -d + j*d + d + g. Give w(-5).
-10
Let q(d) = 0*d + 7 + 2*d - 164934*d**2 - 3*d + d**3 + 164928*d**2. Let w = -9 + 24. Let h be w/((-9)/(-3)) + 1. Calculate q(h).
1
Let h(k) = -33*k - 208. Let b be -10 + (-5 - 81/(-9)). Determine h(b).
-10
Let w be (2/(-8)*2)/(10/(-40)). Let z(h) = -7*h**2 - h**3 + 2*h**3 + 9*h + 119 - 2*h**w - 123. Give z(7).
-39
Let s(j) = -7*j - 65 + 20*j - 19*j + 182. Calculate s(16).
21
Let t(a) be the third derivative of 11*a**6/120 - 17*a**5/30 + a**4/24 + 2*a**3/3 - 42*a**2 + a. What is t(3)?
-2
Suppose 0 = 5*w + 2*j - 4*j - 607, 2*w = -j + 250. Let n(u) = 131*u + 7 - 5*u**2 - 5*u**2 + 3*u**2 + 6*u**2 - w*u. Give n(8).
7
Suppose -36 = -l + 2*l + 5*g, -3*g + 152 = -5*l. Let s = 8 - l. Let n(r) = 26*r**2 - s*r**2 - r**3 - 1 + 20*r**2. Give n(7).
-1
Let d(w) = -23 + 16*w + 0*w - 9 + 34 - 6. Determine d(-2).
-36
Let g(n) = -115*n**3 - 2 + 105*n**3 - 14*n + 12*n. Give g(-1).
10
Suppose -150*x + 625 - 175 = 0. Let q(g) = 3*g**2 - 2*g - 8. Determine q(x).
13
Let i(b) = -6*b - 193. Let d be i(-40). Let f(r) = -50*r + 1 + d*r - 8. Give f(-6).
11
Let t(u) = -233*u**3 + 2 + 472*u**3 - 238*u**3 + 2*u + 4*u**2. Let f(s) be the second derivative of 2*s**3/3 + 9*s**2/2 + 28*s. Let y be f(-3). Determine t(y).
5
Let z be 1/(-5 - 306/(-60)). Let h(t) = -3*t - z*t**3 + 5 + 9*t**3 + 4*t. Determine h(0).
5
Let i(r) = r**2 - 20*r + 81. Let j = 371 - 366. Calculate i(j).
6
Let x = 27 + -52. Let d(k) = -k - 26. Let c be d(x). Let z(p) = -15*p**2 + 1. Determine z(c).
-14
Let c(o) be the first derivative of -4/3*o**3 + 0*o - 1/24*o**4 - 8*o**2 - 13. Let r(b) be the second derivative of c(b). What is r(0)?
-8
Let o(m) = m**2 - 8*m + 9. Suppose -30*p + 423 = 17*p. Let f be (-12 + p)/(3/(-6)). Give o(f).
-3
Let p(y) = y**3 + 10*y**2 + 11*y + 3. Let r(m) = -2*m**2 - 3*m - 1. Let o be r(-1). Suppose o = -7*b + 80 - 143. What is p(b)?
-15
Let i be ((-258)/(-645))/(2/20). Let v(l) = -2*l + l - 4 - l**2 + 7*l. Determine v(i).
4
Let o = 86